{"id":36,"date":"2017-05-03T15:14:45","date_gmt":"2017-05-03T13:14:45","guid":{"rendered":"http:\/\/frmf.untz.ba\/web\/?page_id=36"},"modified":"2026-02-24T13:29:33","modified_gmt":"2026-02-24T12:29:33","slug":"biohemija-bromatologija","status":"publish","type":"page","link":"http:\/\/frmf.untz.ba\/web\/bs\/biohemija-bromatologija\/","title":{"rendered":"Biohemija"},"content":{"rendered":"<p style=\"text-align: justify;\"><strong>U\u017dA NAU\u010cNA OBLAST \u2013 BIOHEMIJA<\/strong><\/p>\n<p style=\"text-align: justify;\">U okviru UNO \u201eBiohemija\u201c se obavlja nastavni, nau\u010dno-istra\u017eiva\u010dki i stru\u010dni rad. Nastavna aktivnost se provodi u vidu teorijske i prakti\u010dne nastave. Na UNO \u201eBiohemija\u201c se izvodi teorijska i prakti\u010dna nastava u okviru integrisanih akademskih studija na Farmaceutskom i Medicinskom fakultetu. UNO je tako\u0111er zadu\u017eena za izvo\u0111enje nastave na prvom i drugom ciklusu akademskih studija na Tehnolo\u0161kom i Prirodno-matemati\u010dkom fakultetu, kao i \u00a0izvo\u0111enje nastave na doktorskim akademskim studijama na Farmaceutskom i Medicinskom fakultetu. Kroz teoretsku i prakti\u010dnu nastavu studenti sti\u010du potrebna znanja o biohemijskim metaboli\u010dkim procesima koji se odvijaju u ljudskom organizmu, kao i biohemijskoj osnovi nastanka brojnih patolo\u0161kih stanja. Studenti se tokom rada upoznaju sa brojnim metodama i tehnikama koje se rutinski koriste u biohemijskim laboratorijama i osposobljavaju za pravilno tuma\u010denje biohemijskih parametara.<\/p>\n<p style=\"text-align: justify;\">Nastavnici i saradnici sa UNO \u201eBiohemija\u201c provode kontinuirani nau\u010dno-istra\u017eiva\u010dkom rad, koji je finansiran kroz vi\u0161e projekata od strane Ministarstva obrazovanja i nauke FBiH. UNO \u201eBiohemija\u201c ostvaruje uspje\u0161nu vi\u0161egodi\u0161nju nau\u010dnu i stru\u010dnu saradnju sa institucijama u zemlji i inostranstvu i u\u010destvuje u realizaciji me\u0111unarodnih projekata. Rezultati nau\u010dnih istra\u017eivanja nastavnika i saradnika sa UNO \u201eBiohemija\u201c su publikovani u brojnim relevantnim nau\u010dnim \u010dasopisima.<\/p>\n<p style=\"text-align: justify;\">Sva nastava se izvodi u prostorijama Farmaceutskog, Tehnolo\u0161kog, Prirodno-matemati\u010dkoga i Medicinskoga fakulteta, te na Univerzitetskom kampusu. Laboratorijske vje\u017ebe se najve\u0107im dijelom izvode u Laboratoriji za biohemiju na Medicinskom fakultetu, dok se dio vje\u017ebi provodi na UKC-u Tuzla na osnovu potpisanih ugovora o me\u0111usobnoj saradnji.<\/p>\n<p style=\"text-align: justify;\">U izvo\u0111enju nastave na UNO \u201eBiohemija\u201c u\u010destvuju nastavnici i saradnici izabrani na Univerzitetu u Tuzli, te istaknuti stru\u010dnjaci iz prakse sa zavr\u0161enim integrisanim I i II ciklusom studija Farmaceutskog fakulteta i najmanje tri godine iskustva u struci.<\/p>\n<p style=\"text-align: justify;\">U okviru UNO Biohemija izu\u010davaju se slijede\u0107i predmeti:<\/p>\n<p style=\"text-align: justify;\">Farmaceutski fakultet:<\/p>\n<p style=\"text-align: justify;\">1. Biohemija &#8211; V semestar (obavezni predmet)<br \/>\n2. Proteomika &#8211; VI semestar (obavezni predmet)<br \/>\n3. Bromatologija &#8211; VI semestar (obavezni predmet)<br \/>\n4. Klini\u010dka biohemija &#8211; IX semestar (obavezni predmet)<br \/>\n5. Farmaceutska biotehnologija &#8211; IX semestar (obavezni predmet)<br \/>\n6. Biohemija lijekova &#8211; IX semestar (obavezni predmet)<br \/>\n7. Metodologija istra\u017eivanja sa biostatistikom &#8211; IX semestar (obavezni predmet)<br \/>\n8. Imunohemija sa osnovama imunologije &#8211; IX semestar (obavezni predmet)<br \/>\n9. Dodaci prehrani &#8211; I semestar (izborni predmet)<br \/>\n10. Molekualrno-biohemijske metode u farmaciji &#8211; I semestar (izborni predmet)<br \/>\n11. Biohemija raka &#8211; VII semestar (izborni predmet)<br \/>\n12. Biohemija \u0107elije &#8211; VII semestar (izborni predmet)<br \/>\n13. Farmakogenomika &#8211; VIII semsetar (izborni predmet)<br \/>\n14. Kontrola kvaliteta biofarmaceutika &#8211; VIII semestar (izborni predmet)<br \/>\n15. Metodologija nau\u010dno-istra\u017eiva\u010dkog rada &#8211; I semestar (obavezni predmet na III ciklusu studija)<br \/>\n16. Biohemija u farmaciji &#8211; III semestar (obavezni predmet na III ciklusu studija)<br \/>\n17. Farmaceutska biotehnologija &#8211; III semestar (izborni predmet na III ciklusu studija)<\/p>\n<p style=\"text-align: justify;\">Medicinski fakultet:<\/p>\n<p style=\"text-align: justify;\">1. Biohemija I &#8211; II semestar (obavezni predmet na Op\u0161tem studiju medicine)<br \/>\n2. Biohemija II &#8211; IV semestar (obavezni predmet na Op\u0161tem studiju medicine)<br \/>\n3. Biohemija &#8211; I semestar (obavezni predmet na Odsjeku zdravstvenih studija)<br \/>\n4. Klini\u010dka biohemija I &#8211; VI semestar (obavezni predmet na Odsjeku zdravstvenih studija)<br \/>\n5. Klini\u010dka biohemija II &#8211; VII semestar (obavezni predmet na Odsjeku zdravstvenih studija)<\/p>\n<p style=\"text-align: justify;\">Prirodno-matemati\u010dki fakultet:<\/p>\n<p style=\"text-align: justify;\">1. Biohemija I &#8211; V semestar (obavezni predmet na odsjeku Hemija)<br \/>\n2. Biohemija II &#8211; VI semestar (obavezni predmet na odsjeku Hemija)<br \/>\n3. Op\u0161ta biohemija &#8211; III semestar (obavezni predmet na odsjeku Biologija)<br \/>\n4. Funkcionalna biohemija &#8211; IV semestar (obavezni predmet na odsjeku Biologija)<\/p>\n<p style=\"text-align: justify;\">Tehnolo\u0161ki fakultet:<\/p>\n<p style=\"text-align: justify;\">1. Biohemija &#8211; III semestar (obavezni predmet na odsjeku Agronomija)<br \/>\n2. Op\u0161ta biohemija i biohemija hrane &#8211; IV semestar (obavezni predmet na odsjeku Prehrambena tehnologija)<br \/>\n3. Osnove biohemije &#8211; IV semestar (obavezni predmet na odsjeku In\u017eenjerstvo za\u0161tite okoline)<br \/>\n4. Biohemija probave i metabolizam hrane &#8211; II semestar (obavezni predmet na II ciklusu studija \u201cNutricionizam\u201d)<\/p>\n<p style=\"text-align: justify;\">Nastavnici i saradnici izabrani u nastavni\u010dka i saradni\u010dka zvanja na Farmaceutskom fakultetu Univerziteta<br \/>\nu Tuzli na UNO \u201eBiohemija\u201c:<\/p>\n<p style=\"text-align: justify;\">1. dr.sc. Lejla Begi\u0107, prof. emeritus<br \/>\n2. dr.sc. Aida Smajlovi\u0107, red. prof.<br \/>\n3. dr.sc. Adaleta Softi\u0107, red. prof.<br \/>\n4. dr.sc. Nahida Srabovi\u0107, vanr. prof.<br \/>\n5. dr.sc. Esmeralda Dautovi\u0107, vanr. prof.<br \/>\n6. dr.sc. Damir Sabitovi\u0107, docent (SS)<br \/>\n7. dr.sc. Dalila Halil\u010devi\u0107, docent<br \/>\n8. mr.ph. Alen Hatki\u0107, vi\u0161i asistent<br \/>\n9. mr.ph. Asja \u0160ari\u0107 Be\u010di\u0107, asistent<\/p>\n<p style=\"text-align: justify;\">Stru\u010dnjaci iz prakse koji u\u010destvuju u izvo\u0111enju nastave u okviru UNO \u201eBiohemija\u201c na Farmaceutskom<br \/>\nfakultetu:<\/p>\n<p style=\"text-align: justify;\">1. dr.sc. Anja Divkovi\u0107, stru\u010dnjak iz prakse (SS)<br \/>\n2. dr.sc. Jasna Rahimi\u0107, stru\u010dnjak iz prakse (SS)<br \/>\n3. mr.ph. Nadina Gazibegovi\u0107, stru\u010dnjak iz prakse (SS)<br \/>\n4. mr. ph. Kristina Duspara, stru\u010dnjak iz prakse (SS)<br \/>\n5. mr.ph. Selma Smaji\u0107, stru\u010dnjak iz prakse (SS)<\/p>\n<p style=\"text-align: justify;\">Laboranti uklju\u010deni u pripremu prakti\u010dne nastave na integrisanom I i II ciklusu studija su:<\/p>\n<p style=\"text-align: justify;\">1. mr.sc. Kanita Peri\u0107, vi\u0161i laborant<br \/>\n2. Rabija Ke\u0161etovi\u0107, laborant<\/p>\n","protected":false},"excerpt":{"rendered":"<p>U\u017dA NAU\u010cNA OBLAST \u2013 BIOHEMIJA U okviru UNO \u201eBiohemija\u201c se obavlja nastavni, nau\u010dno-istra\u017eiva\u010dki i stru\u010dni rad. Nastavna aktivnost se provodi u vidu teorijske i prakti\u010dne nastave. Na UNO \u201eBiohemija\u201c se izvodi teorijska i prakti\u010dna nastava u okviru integrisanih akademskih studija na Farmaceutskom i Medicinskom fakultetu. UNO je tako\u0111er zadu\u017eena za izvo\u0111enje nastave na prvom i [&hellip;]<\/p>\n","protected":false},"author":1,"featured_media":0,"parent":0,"menu_order":0,"comment_status":"closed","ping_status":"closed","template":"","meta":[],"_links":{"self":[{"href":"http:\/\/frmf.untz.ba\/web\/wp-json\/wp\/v2\/pages\/36"}],"collection":[{"href":"http:\/\/frmf.untz.ba\/web\/wp-json\/wp\/v2\/pages"}],"about":[{"href":"http:\/\/frmf.untz.ba\/web\/wp-json\/wp\/v2\/types\/page"}],"author":[{"embeddable":true,"href":"http:\/\/frmf.untz.ba\/web\/wp-json\/wp\/v2\/users\/1"}],"replies":[{"embeddable":true,"href":"http:\/\/frmf.untz.ba\/web\/wp-json\/wp\/v2\/comments?post=36"}],"version-history":[{"count":24,"href":"http:\/\/frmf.untz.ba\/web\/wp-json\/wp\/v2\/pages\/36\/revisions"}],"predecessor-version":[{"id":6548,"href":"http:\/\/frmf.untz.ba\/web\/wp-json\/wp\/v2\/pages\/36\/revisions\/6548"}],"wp:attachment":[{"href":"http:\/\/frmf.untz.ba\/web\/wp-json\/wp\/v2\/media?parent=36"}],"curies":[{"name":"wp","href":"https:\/\/api.w.org\/{rel}","templated":true}]}}